{"version":"1.0","provider_name":"Montmartre in songs","provider_url":"http:\/\/www.montmartreenchansons.com\/en","author_name":"annesophie.guerrier","author_url":"http:\/\/www.montmartreenchansons.com\/en\/author\/annesophieofficiel\/","title":"Le Portrait dans T\u00e9l\u00e9rama Sortir - Montmartre en chansons","type":"rich","width":600,"height":338,"html":"<blockquote class=\"wp-embedded-content\" data-secret=\"lxd7Ur2YvQ\"><a href=\"http:\/\/www.montmartreenchansons.com\/en\/le-portrait-dans-telerama-sortir\/\">The Portrait in T\u00e9l\u00e9rama Sortir<\/a><\/blockquote><iframe sandbox=\"allow-scripts\" security=\"restricted\" src=\"http:\/\/www.montmartreenchansons.com\/en\/le-portrait-dans-telerama-sortir\/embed\/#?secret=lxd7Ur2YvQ\" width=\"600\" height=\"338\" title=\"&#8220;Le Portrait dans T\u00e9l\u00e9rama Sortir&#8221; &#8212; Montmartre en chansons\" data-secret=\"lxd7Ur2YvQ\" frameborder=\"0\" marginwidth=\"0\" marginheight=\"0\" scrolling=\"no\" class=\"wp-embedded-content\"><\/iframe><script type=\"text\/javascript\">\n\/* <![CDATA[ *\/\n\/*! This file is auto-generated *\/\n!function(d,l){\"use strict\";l.querySelector&&d.addEventListener&&\"undefined\"!=typeof URL&&(d.wp=d.wp||{},d.wp.receiveEmbedMessage||(d.wp.receiveEmbedMessage=function(e){var t=e.data;if((t||t.secret||t.message||t.value)&&!\/[^a-zA-Z0-9]\/.test(t.secret)){for(var s,r,n,a=l.querySelectorAll('iframe[data-secret=\"'+t.secret+'\"]'),o=l.querySelectorAll('blockquote[data-secret=\"'+t.secret+'\"]'),c=new RegExp(\"^https?:$\",\"i\"),i=0;i<o.length;i++)o[i].style.display=\"none\";for(i=0;i<a.length;i++)s=a[i],e.source===s.contentWindow&&(s.removeAttribute(\"style\"),\"height\"===t.message?(1e3<(r=parseInt(t.value,10))?r=1e3:~~r<200&&(r=200),s.height=r):\"link\"===t.message&&(r=new URL(s.getAttribute(\"src\")),n=new URL(t.value),c.test(n.protocol))&&n.host===r.host&&l.activeElement===s&&(d.top.location.href=t.value))}},d.addEventListener(\"message\",d.wp.receiveEmbedMessage,!1),l.addEventListener(\"DOMContentLoaded\",function(){for(var e,t,s=l.querySelectorAll(\"iframe.wp-embedded-content\"),r=0;r<s.length;r++)(t=(e=s[r]).getAttribute(\"data-secret\"))||(t=Math.random().toString(36).substring(2,12),e.src+=\"#?secret=\"+t,e.setAttribute(\"data-secret\",t)),e.contentWindow.postMessage({message:\"ready\",secret:t},\"*\")},!1)))}(window,document);\n\/\/# sourceURL=http:\/\/www.montmartreenchansons.com\/wp-includes\/js\/wp-embed.min.js\n\/* ]]> *\/\n<\/script>","thumbnail_url":"https:\/\/i0.wp.com\/www.montmartreenchansons.com\/wp-content\/uploads\/2023\/08\/portrait-de-anne-sophie-guerrier-17-scaled.jpg?fit=2048%2C2560","thumbnail_width":2048,"thumbnail_height":2560,"description":"\"Sous le ciel de Paris \/ S'envole une chanson...\" Chaque week-end d\u2019\u00e9t\u00e9, Montmartre r\u00e9sonne de chants gr\u00e2ce \u00e0 Anne-Sophie Guerrier. Apr\u00e8s avoir pr\u00eat\u00e9 sa voix aux couloirs du m\u00e9tro, aux terrasses de caf\u00e9s parisiens et m\u00eame depuis sa fen\u00eatre rue des Abbesses, elle fait d\u00e9sormais vibrer les rues de la Butte. En entra\u00eenant une vingtaine de curieux, elle propose une red\u00e9couverte musicale et vivante de ce quartier embl\u00e9matique et de ses lieux charg\u00e9s d\u2019histoire."}

Le Portrait dans Télérama Sortir - Montmartre en chansons

<blockquote class="wp-embedded-content" data-secret="lxd7Ur2YvQ"><a href="http://www.montmartreenchansons.com/en/le-portrait-dans-telerama-sortir/">The Portrait in Télérama Sortir</a></blockquote><iframe sandbox="allow-scripts" security="restricted" src="http://www.montmartreenchansons.com/en/le-portrait-dans-telerama-sortir/embed/#?secret=lxd7Ur2YvQ" width="600" height="338" title="&#8220;Le Portrait dans Télérama Sortir&#8221; &#8212; Montmartre en chansons" data-secret="lxd7Ur2YvQ" frameborder="0" marginwidth="0" marginheight="0" scrolling="no" class="wp-embedded-content"></iframe><script type="text/javascript">
/* <![CDATA[ */
/*! This file is auto-generated */
!function(d,l){"use strict";l.querySelector&&d.addEventListener&&"undefined"!=typeof URL&&(d.wp=d.wp||{},d.wp.receiveEmbedMessage||(d.wp.receiveEmbedMessage=function(e){var t=e.data;if((t||t.secret||t.message||t.value)&&!/[^a-zA-Z0-9]/.test(t.secret)){for(var s,r,n,a=l.querySelectorAll('iframe[data-secret="'+t.secret+'"]'),o=l.querySelectorAll('blockquote[data-secret="'+t.secret+'"]'),c=new RegExp("^https?:$","i"),i=0;i<o.length;i++)o[i].style.display="none";for(i=0;i<a.length;i++)s=a[i],e.source===s.contentWindow&&(s.removeAttribute("style"),"height"===t.message?(1e3<(r=parseInt(t.value,10))?r=1e3:~~r<200&&(r=200),s.height=r):"link"===t.message&&(r=new URL(s.getAttribute("src")),n=new URL(t.value),c.test(n.protocol))&&n.host===r.host&&l.activeElement===s&&(d.top.location.href=t.value))}},d.addEventListener("message",d.wp.receiveEmbedMessage,!1),l.addEventListener("DOMContentLoaded",function(){for(var e,t,s=l.querySelectorAll("iframe.wp-embedded-content"),r=0;r<s.length;r++)(t=(e=s[r]).getAttribute("data-secret"))||(t=Math.random().toString(36).substring(2,12),e.src+="#?secret="+t,e.setAttribute("data-secret",t)),e.contentWindow.postMessage({message:"ready",secret:t},"*")},!1)))}(window,document);
//# sourceURL=http://www.montmartreenchansons.com/wp-includes/js/wp-embed.min.js
/* ]]> */
</script>

"Sous le ciel de Paris / S'envole une chanson..." Chaque week-end d’été, Montmartre résonne de chants grâce à Anne-Sophie Guerrier. Après avoir prêté sa voix aux couloirs du métro, aux terrasses de cafés parisiens et même depuis sa fenêtre rue des Abbesses, elle fait désormais vibrer les rues de la Butte. En entraînant une vingtaine de curieux, elle propose une redécouverte musicale et vivante de ce quartier emblématique et de ses lieux chargés d’histoire.
